 13) to base 3.
-1112012221211
120001112212 (base 3) to base 12
12361b
112112100201 (base 3) to base 6
10044114
Convert -542453 (base 8) to base 3.
-100020000222
-30801b (base 13) to base 7
-12421526
Convert -534151 (base 14) to base 6.
-140203123
-1031123 (base 4) to base 2
-1001101011011
What is -12740251 (base 8) in base 12?
-b63435
Convert 112133233111 (base 4) to base 14.
ad7189
Convert 8b3fa (base 16) to base 8.
2131772
-3687cc5 (base 13) to base 16
-102b381
Convert 15165256 (base 7) to base 5.
332213410
What is 1447071 (base 12) in base 11?
2334762
What is 150104633 (base 7) in base 3?
200122000122012
17472 (base 13) to base 4
22322211
Convert 5a154 (base 12) to base 7.
1013155
11131542 (base 6) to base 13
bb202
1503162 (base 7) to base 16
31836
Convert -1265335 (base 9) to base 5.
-134132300
Convert -901642 (base 11) to base 13.
-3ba918
What is -1100321300 (base 4) in base 11?
-206a71
What is -1784800 (base 9) in base 13?
-290715
b515 (base 12) to base 3
1000002022
b71026 (base 12) to base 4
23000013132
2257545 (base 8) to base 15
c1eea
20121010221 (base 3) to base 6
2441124
What is -2353304 (base 6) in base 3?
-20021221011
Convert -611d7c (base 16) to base 3.
-102222100111201
212109 (base 12) to base 11
327214
-f828 (base 16) to base 5
-4013103
What is -8a6294 (base 11) in base 3?
-2201022121222
Convert -523433230 (base 6) to base 9.
-18161010
Convert -23484e (base 15) to base 14.
-31c607
What is -20031332 (base 5) in base 2?
-100110101010000110
11122012110101 (base 3) to base 9
4565411
Convert -10101100101000011000 (base 2) to base 10.
-707096
What is 5173305 (base 8) in base 6?
45240341
Convert 340170 (base 8) to base 16.
1c078
Convert 221122 (base 6) to base 5.
1042120
What is 37aa3 (base 16) in base 9?
376676
Convert 63550 (base 16) to base 8.
1432520
Convert 1b415 (base 13) to base 8.
150256
What is -12190 (base 12) in base 9?
-36470
-513751 (base 10) to base 8
-1753327
300210 (base 7) to base 13
19cc8
Convert -17c2a2 (base 15) to base 16.
-119f24
Convert -16747616 (base 8) to base 6.
-220003010
What is -170376 (base 10) in base 13?
-5c71b
-2625431 (base 7) to base 6
-11203215
Convert -41835 (base 13) to base 5.
-12232322
What is 1111111000010001111 (base 2) in base 15?
a4290
Convert 3a017 (base 11) to base 4.
31332203
3010010333 (base 4) to base 15
10ce75
Convert 111001001110010111001 (base 2) to base 12.
765189
What is 3245240 (base 6) in base 8?
474130
What is -1037461 (base 8) in base 3?
-112010210012
What is -112010131232 (base 4) in base 12?
-1b30092
What is 346179 (base 10) in base 6?
11230403
What is 2200234 (base 5) in base 15?
b1e9
Convert 3204400 (base 5) to base 14.
15817
12240130 (base 5) to base 12
58471
-2b6aaa (base 16) to base 7
-33120331
What is -41707 (base 12) in base 3?
-11100112121
What is -808b (base 16) in base 10?
-32907
Convert -b3b50b (base 12) to base 5.
-1210202344
What is -62374 (base 13) in base 10?
-176362
2101725 (base 8) to base 6
15543301
Convert 2044304111 (base 5) to base 14.
7d9b92
What is -1320026 (base 7) in base 12?
-84078
-122878 (base 9) to base 16
-1226c
2632d (base 16) to base 6
3204205
What is -1102343104 (base 5) in base 11?
-1390664
What is 112003 (base 13) in base 2?
1100010101100011011
a45d56 (base 14) to base 7
65105436
-741204 (base 8) to base 13
-88202
Convert 121210002211 (base 3) to base 6.
11025121
Convert 225c43 (base 16) to base 11.
12a8930
What is 1311624 (base 10) in base 8?
5001610
Convert 341570 (base 8) to base 7.
660646
4b165 (base 12) to base 5
11232143
What is -603612 (base 11) in base 3?
-1211100000101
Convert 131001202 (base 5) to base 10.
640802
Convert 1110011000001011010 (base 2) to base 4.
1303001122
Convert c3ba (base 16) to base 7.
266040
Convert -287765 (base 9) to base 11.
-110517
What is 144b6c7 (base 13) in base 5?
3122422234
What is -1d493d (base 15) in base 7?
-15116041
Convert -260dc (base 14) to base 7.
-536365
Convert 578d9 (base 14) to base 10.
213047
Convert 10001111010110010111010 (base 2) to base 7.
54632451
What is -3c1a3 (base 14) in base 2?
-100100010000100011
-140252030 (base 6) to base 7
-32661642
Convert -2aab52 (base 13) to base 5.
-232131332
-13c868 (base 14) to base 2
-10100111111000101100
What is 114121404 (base 5) in base 2?
10000010110100101110
Convert 114204004 (base 5) to base 3.
1000100000002
What is 3a0331 (base 11) in base 3?
1012000010212
What is -f5401 (base 16) in base 4?
-3311100001
Convert -5a690 (base 12) to base 7.
-1015326
What is 84845 (base 11) in base 10?
123469
353859 (base 14) to base 6
102524435
What is -5381553 (base 9) in base 13?
-7a16b7
1bf19 (base 16) to base 11
78aa2
Convert 1e3ab4 (base 15) to base 13.
3cac48
What is 206323224 (base 7) in base 2?
101110111000111100011000
Convert -15522326 (base 8) to base 16.
-36a4d6
What is -3ca630 (base 15) in base 5?
-1221431040
Convert 413548 (base 11) to base 7.
5432250
Convert 1e200b (base 15) to base 10.
1474886
What is 10001010110000110000 (base 2) in base 9?
1055580
-13a0c1 (base 16) to base 10
-1286337
What is 2201201100220 (base 3) in base 2?
101100010001111100001
138cd2 (base 15) to base 9
1684008
What is -ddd8e7 (base 15) in base 16?
-a16014
aaabcd (base 15) to base 2
11111000010011011100010
Convert -11011110110001011 (base 2) to base 16.
-1bd8b
Convert -2123312 (base 5) to base 10.
-36082
Convert 9195 (base 16) to base 9.
56110
2021332 (base 4) to base 12
513a
What is -1100011101011100 (base 2) in base 10?
-51036
What is -9e64e (base 15) in base 2?
-1111011000111101011
-22101101102021 (base 3) to base 13
-c00277
Convert 102132033 (base 5) to base 7.
3426213
Convert -216260666 (base 7) to base 11.
-744286a
-838337 (base 12) to base 14
-3bb4a7
84569 (base 10) to base 8
245131
Convert -103213235 (base 7) to base 16.
-5deaa4
What is 9b175 (base 14) in base 9?
633070
1011111220120 (base 3) to base 14
1220c1
What is 12421033 (base 5) in base 13?
44152
What is 40044033 (base 8) in base 16?
80481b
What is -66486 (base 15) in base 2?
-1001111010110100010
Convert -1173322 (base 8) to base 14.
-867bc
1721171 (base 9) to base 8
3520474
12985 (base 14) to base 6
551545
-11453544 (base 7) to base 14
-1c84cb
What is 4175157 (base 9) in base 3?
11012112011221
Convert 280183 (base 9) to base 11.
107310
4bd00 (base 15) to base 10
242550
Convert -321113 (base 5) to base 16.
-2a1f
111000111010101100 (base 2) to base 13
82163
51571a (base 11) to base 12
33a9b7
Convert -2010110011212 (base 3) to base 16.
-11413a
What is -17314327 (base 9) in base 16?
-84991c
What is 20260 (base 9) in base 11?
a026
What is 101a6 (base 15) in base 2?
1100011100111110
-2012102111 (base 4) to base 10
-550037
Convert 7b2bae (base 15) to base 9.
12054382
3bb43 (base 15) to base 12
92a16
What is -1132320 (base 4) in base 8?
-13670
-331701 (base 9) to base 15
-3da87
What is -301003 (base 9) in base 6?
-3451303
What is -17020 (base 14) in base 5?
-3321102
Convert -2b414 (base 14) to base 15.
-21e2d
Convert 163292b (base 12) to base 15.
5ebe4b
What is d3f76 (base 16) in base 7?
10244144
What is -3032001023 (base 4) in base 14?
-17d751
250211502 (base 6) to base 8
22160336
Convert -13142041 (base 5) to base 11.
-8a387
180830 (base 16) to base 4
12000200300
What is 6747872 (base 9) in base 6?
205520145
-1212013003 (base 4) to base 14
-ac5c7
-674861 (base 9) to base 15
-7e9ca
What is -43514353 (base 6) in base 15?
-1aa6b3
Convert -1024141233 (base 5) to base 4.
-20103222131
Convert -1cb066 (base 14) to base 2.
-11111011001111100010
-147464 (base 11) to base 13
-805ba
What is -283537 (base 13) in base 16?
-eee7c
Convert -444137 (base 8) to base 13.
-53128
-618781 (base 11) to base 10
-992531
-12012120022 (base 3) to base 13
-37847
203aa00 (base 12) to base 11
34646a3
-12202212101 (base 3) to base 11
-78407
What is 23a36a (base 13) in base 5?
204211314
What is 1110110000111001001 (base 2) in base 13?
13c283
What is -6cd31d (base 16) in base 10?
-7131933
What is -e04e5 (base 15) in base 7?
-6014402
-11202332 (base 4) to base 5
-1211333
-10101001100110111111100 (base 2) to base 12
-1a40364
4132300310 (base 5) to base 15
b270da
Convert 2673031 (base 8) to base 5.
143014004
What is -97121 (base 11) in base 12?
-69892
What is 81163 (base 9) in base 15?
10c20
-2a87546 (base 11) to base 2
-10100001001001111011100
W